 496789 a composite number?
False
Is 3821 composite?
False
Is 148661 a prime number?
False
Is 3198853 composite?
True
Is 1081018 a prime number?
False
Is 37819 composite?
True
Is 482089 a composite number?
True
Is 297983 a prime number?
False
Is 521 a composite number?
False
Is 1004761 a composite number?
False
Is 15551 composite?
False
Is 141529 composite?
False
Is 10907 a composite number?
True
Is 6731 composite?
True
Is 33563 a composite number?
False
Is 30511 composite?
True
Is 216563 composite?
True
Is 47111 prime?
True
Is 240257 prime?
True
Is 319366 composite?
True
Is 33673 prime?
False
Is 9089 a prime number?
False
Is 26167 composite?
True
Is 32083 a composite number?
False
Is 47681 a prime number?
True
Is 5361 a prime number?
False
Is 2187697 a prime number?
True
Is 247081 a composite number?
True
Is 31511 a prime number?
True
Is 81611 a prime number?
True
Is 149459 prime?
True
Is 627191 a composite number?
False
Is 230735 a prime number?
False
Is 1928423 a composite number?
True
Is 92423 prime?
False
Is 243073 prime?
True
Is 19853 a prime number?
True
Is 20143 a composite number?
False
Is 18763 prime?
False
Is 587 prime?
True
Is 6443 composite?
True
Is 10639 composite?
False
Is 2787 composite?
True
Is 37951 composite?
False
Is 1965851 composite?
False
Is 128447 composite?
True
Is 3809 composite?
True
Is 316857 prime?
False
Is 696419 prime?
False
Is 91651 prime?
False
Is 263 prime?
True
Is 804983 composite?
False
Is 2184697 a composite number?
False
Is 167381 composite?
False
Is 6197 a composite number?
False
Is 216751 prime?
True
Is 1657 prime?
True
Is 5731 a composite number?
True
Is 1046293 a composite number?
True
Is 17551 prime?
True
Is 5981 a prime number?
True
Is 63911 a composite number?
True
Is 1395157 a prime number?
False
Is 12421 a composite number?
False
Is 44539 composite?
True
Is 17933 a composite number?
True
Is 496561 prime?
False
Is 2333 prime?
True
Is 139246 a composite number?
True
Is 314799 prime?
False
Is 907591 prime?
False
Is 1973 composite?
False
Is 9753 prime?
False
Is 7061 a composite number?
True
Is 7261 a prime number?
False
Is 1931 a composite number?
False
Is 194797 a composite number?
True
Is 79817 a composite number?
False
Is 1839283 prime?
True
Is 553 composite?
True
Is 183361 prime?
True
Is 1256429 a prime number?
True
Is 146291 a prime number?
True
Is 1319 composite?
False
Is 13341 composite?
True
Is 122099 composite?
False
Is 39139 a composite number?
False
Is 46073 composite?
False
Is 162233 a composite number?
True
Is 1402 prime?
False
Is 9487 a prime number?
False
Is 94513 a prime number?
True
Is 4861 composite?
False
Is 50513 a prime number?
True
Is 78853 a prime number?
True
Is 15727 prime?
True
Is 87883 a prime number?
False
Is 19289 a prime number?
True
Is 9004189 a prime number?
True
Is 11027 a prime number?
True
Is 296885 a prime number?
False
Is 745 prime?
False
Is 295703 a prime number?
True
Is 31013 prime?
True
Is 303679 a composite number?
False
Is 7283 a prime number?
True
Is 1858091 a prime number?
True
Is 6247 a composite number?
False
Is 175493 a composite number?
False
Is 3907 prime?
True
Is 3442567 a composite number?
False
Is 42239 prime?
True
Is 1526909 prime?
True
Is 7819 prime?
False
Is 399769 prime?
True
Is 2167507 composite?
False
Is 137771 a prime number?
True
Is 35914 composite?
True
Is 32986 a composite number?
True
Is 432203 prime?
True
Is 2541215 a prime number?
False
Is 721789 a composite number?
True
Is 433409 composite?
True
Is 1949 composite?
False
Is 179 a composite number?
False
Is 4583 prime?
True
Is 62459 prime?
True
Is 3647 composite?
True
Is 46433 prime?
False
Is 2541727 a prime number?
False
Is 701 composite?
False
Is 1621183 a composite number?
True
Is 3961 composite?
True
Is 1913341 a prime number?
True
Is 23957 a prime number?
True
Is 563 composite?
False
Is 19831 composite?
True
Is 367681 prime?
False
Is 3137 prime?
True
Is 813529 composite?
False
Is 26033 prime?
False
Is 135238 a prime number?
False
Is 982519 prime?
False
Is 66791 a prime number?
True
Is 22247 a composite number?
False
Is 379241 composite?
True
Is 27893 a prime number?
True
Is 185051 prime?
True
Is 14591 prime?
True
Is 745817 composite?
False
Is 133771 prime?
False
Is 123643 a prime number?
False
Is 122143 a composite number?
True
Is 149191 prime?
False
Is 6614 a prime number?
False
Is 84389 a composite number?
False
Is 173939 a composite number?
True
Is 622558 a composite number?
True
Is 65579 prime?
True
Is 3193 composite?
True
Is 1082 a composite number?
True
Is 10765 prime?
False
Is 36373 a prime number?
True
Is 108067 composite?
True
Is 14509 prime?
False
Is 221047 a composite number?
False
Is 804829 a prime number?
True
Is 21767 composite?
False
Is 11801 composite?
False
Is 151717 a prime number?
True
Is 397237 a composite number?
False
Is 940981 a prime number?
True
Is 3277 prime?
False
Is 59951 prime?
True
Is 3945047 prime?
True
Is 36809 a prime number?
True
Is 13829 a composite number?
False
Is 3527 composite?
False
Is 95701 a prime number?
True
Is 34637 a composite number?
True
Is 9221 a prime number?
True
Is 213 a prime number?
False
Is 350213 a prime number?
True
Is 22147 composite?
False
Is 11857 a prime number?
False
Is 233521 a composite number?
True
Is 218957 composite?
True
Is 60861 composite?
True
Is 87595 a prime number?
False
Is 76961 a composite number?
False
Is 130814 a composite number?
True
Is 5509 composite?
True
Is 2999 prime?
True
Is 290929 composite?
True
Is 249149 composite?
True
Is 152027 prime?
True
Is 1703 a composite number?
True
Is 105637 prime?
False
Is 26737 prime?
True
Is 113 a composite number?
False
Is 187021 composite?
True
Is 237791 prime?
True
Is 62623 composite?
True
Is 113759 a composite number?
False
Is 1865 a prime number?
False
Is 16049 composite?
True
Is 354245 prime?
False
Is 11579 a prime number?
True
Is 38393 a prime number?
True
Is 15491 a prime number?
False
Is 4385 prime?
False
Is 2857 a composite number?
False
Is 52807 composite?
False
Is 211889 a prime number?
True
Is 5045 a prime number?
False
Is 237137 a composite number?
False
Is 134813 prime?
False
Is 20611 a prime number?
True
Is 1691 prime?
False
Is 48277 composite?
True
Is 233986 a composite number?
True
Is 66553 a composite number?
False
Is 96643 composite?
False
Is 7985 composite?
True
Is 7327 a composite number?
True
Is 21247 prime?
True
Is 2237 a prime number?
True
Is 438911 prime?
False
Is 39427 prime?
False
Is 11643 prime?
False
Is 6113 a prime number?
True
Is 307397 a prime number?
True
Is 34229 prime?
False
Is 14207 a prime number?
True
Is 1579 a prime number?
True
Is 172673 a composite number?
False
Is 364003 composite?
True
Is 12611 a prime number?
True
Is 49663 a composite number?
False
Is 13211 prime?
False
Is 4486 composite?
True
Is 115823 composite?
False
Is 3261 a prime number?
False
Is 62459 composite?
False
Is 1400017 a composite number?
False
Is 630101 a prime number?
True
Is 46889 a composite number?
False
Is 12049 prime?
True
Is 66431 a composite number?
False
Is 1801 a prime number?
True
Is 38933 a composite number?
False
Is 21561 a composite number?
True
Is 78713 a prime number?
True
Is 55469 prime?
True
Is 887181 a prime number?
False
Is 17337 composite?
True
Is 137203 a prime number?
False
Is 743917 composite?
False
Is 40751 a composite number?
False
Is 52645 a composite number?
True
Is 2234 a composite number?
True
Is 325289 a composite number?
True
Is 6197637 composite?
True
Is 161193 composite?
True
Is 13553 composite?
False
Is 2150639 composite?
False
Is 22405 a prime number?
False
Is 1969069 a prime number?
True
Is 5155 a composite number?
True
Is 327 composite?
True
Is 213713 a composite number?
False
Is 17827 a prime number?
True
Is 580837 a prime number?
True
Is 18554 prime?
False
Is 157039 prime?
False
Is 8962 a composite number?
True
Is 4987 a prime number?
True
Is 92623 a prime number?
True
Is 213949 a prime number?
True
Is 32353 a prime number?
True
Is 164399 a prime number?
False
Is 214 prime?
False
Is 11923 a prime number?
True
Is 2360143 prime?
False
Is 15091 a composite number?
False
Is 496609 a composite number?
False
Is 42953 a prime number?
True
Is 1165 prime?
False
Is 67349 composite?
False
Is 421607 prime?
True
Is 14503 compo